he prime factors of 414559.
414559
List the prime factors of 623036.
2, 29, 41, 131
What are the prime factors of 26129970?
2, 3, 5, 227, 1279
List the prime factors of 189299.
11, 17209
What are the prime factors of 1639508?
2, 13, 41, 769
List the prime factors of 4976107.
4976107
What are the prime factors of 632128?
2, 7, 17, 83
List the prime factors of 104517.
3, 7, 79
List the prime factors of 1502436.
2, 3, 13, 9631
What are the prime factors of 2550193?
173, 14741
List the prime factors of 5816159.
17, 359, 953
List the prime factors of 6267.
3, 2089
What are the prime factors of 1839622?
2, 919811
What are the prime factors of 1116242?
2, 558121
What are the prime factors of 365696?
2, 2857
List the prime factors of 1627904.
2, 6359
What are the prime factors of 35327310?
2, 3, 5, 23, 51199
What are the prime factors of 2838727?
2838727
List the prime factors of 104359.
79, 1321
List the prime factors of 153663.
3, 17, 23, 131
List the prime factors of 295987.
17, 23, 757
What are the prime factors of 89675?
5, 17, 211
List the prime factors of 4685078.
2, 2342539
What are the prime factors of 114988?
2, 17, 19, 89
List the prime factors of 64352.
2, 2011
What are the prime factors of 932672?
2, 13, 19, 59
List the prime factors of 24242377.
24242377
List the prime factors of 14674054.
2, 349, 21023
List the prime factors of 5096299.
13, 373, 1051
List the prime factors of 5045774.
2, 463, 5449
List the prime factors of 4270568.
2, 533821
List the prime factors of 1036388.
2, 17, 15241
What are the prime factors of 181217?
23, 7879
List the prime factors of 2795990.
2, 5, 17, 16447
List the prime factors of 9680458.
2, 37, 130817
What are the prime factors of 31812284?
2, 7, 1136153
What are the prime factors of 1176403?
1176403
What are the prime factors of 3480938?
2, 149, 11681
List the prime factors of 9980642.
2, 7, 53, 13451
List the prime factors of 1801070.
2, 5, 389, 463
What are the prime factors of 96973?
96973
What are the prime factors of 268024?
2, 33503
List the prime factors of 6908827.
6908827
List the prime factors of 1272144.
2, 3, 17, 1559
List the prime factors of 4818550.
2, 5, 11, 8761
What are the prime factors of 672251?
672251
What are the prime factors of 590498?
2, 29, 10181
List the prime factors of 25504044.
2, 3, 79, 26903
List the prime factors of 9344902.
2, 7, 29, 23017
List the prime factors of 440672.
2, 47, 293
List the prime factors of 191631.
3, 11, 5807
What are the prime factors of 1401303?
3, 467101
List the prime factors of 28240964.
2, 23, 41, 7487
List the prime factors of 464446.
2, 181, 1283
List the prime factors of 12832520.
2, 5, 541, 593
What are the prime factors of 4135502?
2, 7, 19, 2221
What are the prime factors of 1400596?
2, 17, 43, 479
What are the prime factors of 1176528?
2, 3, 127, 193
What are the prime factors of 3701199?
3, 263, 4691
List the prime factors of 231911.
31, 7481
List the prime factors of 23616715.
5, 19, 248597
List the prime factors of 320461.
67, 4783
What are the prime factors of 256405?
5, 19, 2699
List the prime factors of 649205.
5, 129841
What are the prime factors of 27928318?
2, 11, 101, 12569
What are the prime factors of 3144880?
2, 5, 19, 2069
List the prime factors of 3966124.
2, 991531
What are the prime factors of 754200?
2, 3, 5, 419
What are the prime factors of 261999?
3, 43, 677
List the prime factors of 73236.
2, 3, 17, 359
List the prime factors of 1205023.
769, 1567
List the prime factors of 1520549.
1520549
What are the prime factors of 5519115?
3, 5, 7, 2503
What are the prime factors of 346633?
7, 23, 2153
What are the prime factors of 1965926?
2, 787, 1249
List the prime factors of 200642.
2, 13, 7717
List the prime factors of 11501.
7, 31, 53
What are the prime factors of 17038102?
2, 8519051
What are the prime factors of 5514817?
7, 11, 17, 383
What are the prime factors of 251530?
2, 5, 25153
What are the prime factors of 19398?
2, 3, 53, 61
List the prime factors of 35567878.
2, 37, 480647
List the prime factors of 1263781.
23, 2389
List the prime factors of 5264007.
3, 7, 19, 79, 167
List the prime factors of 739639.
47, 15737
What are the prime factors of 281410?
2, 5, 107, 263
List the prime factors of 11971.
11971
List the prime factors of 492895.
5, 13, 7583
What are the prime factors of 2389779?
3, 7, 5419
What are the prime factors of 8597582?
2, 7, 614113
List the prime factors of 523014.
2, 3, 61, 1429
What are the prime factors of 33437?
29, 1153
What are the prime factors of 1627331?
19, 41, 2089
What are the prime factors of 44795?
5, 17, 31
List the prime factors of 8550086.
2, 4275043
What are the prime factors of 4505101?
347, 12983
What are the prime factors of 198569?
7, 19, 1493
List the prime factors of 9535298.
2, 4767649
List the prime factors of 802337.
43, 47, 397
List the prime factors of 206813.
206813
List the prime factors of 27899437.
23, 1213019
What are the prime factors of 1021114?
2, 439, 1163
What are the prime factors of 24859?
24859
List the prime factors of 55100.
2, 5, 19, 29
What are the prime factors of 530157?
3, 19, 71, 131
What are the prime factors of 163394?
2, 7, 11, 1061
List the prime factors of 5423647.
761, 7127
What are the prime factors of 9965504?
2, 47, 3313
List the prime factors of 8893198.
2, 29, 107, 1433
What are the prime factors of 365909?
239, 1531
What are the prime factors of 82381?
13, 6337
List the prime factors of 363136.
2, 2837
List the prime factors of 3641721.
3, 1213907
List the prime factors of 663120.
2, 3, 5, 307
What are the prime factors of 336721?
7, 11, 4373
What are the prime factors of 26432?
2, 7, 59
List the prime factors of 54608.
2, 3413
What are the prime factors of 1382924?
2, 345731
List the prime factors of 2562693.
3, 7, 122033
List the prime factors of 6247644.
2, 3, 13, 29, 1381
What are the prime factors of 3194653?
7, 11, 5927
List the prime factors of 14023805.
5, 19, 43, 3433
What are the prime factors of 468224?
2, 31, 59
List the prime factors of 854448.
2, 3, 7, 2543
What are the prime factors of 7395521?
7, 150929
What are the prime factors of 712081?
337, 2113
List the prime factors of 88778.
2, 44389
What are the prime factors of 5408007?
3, 11, 29, 5651
What are the prime factors of 995497?
109, 9133
List the prime factors of 4675204.
2, 17, 197, 349
What are the prime factors of 81460?
2, 5, 4073
List the prime factors of 4128996.
2, 3, 344083
List the prime factors of 210356.
2, 43, 1223
What are the prime factors of 7735273?
7, 13, 167, 509
What are the prime factors of 31144028?
2, 29, 383, 701
What are the prime factors of 438210?
2, 3, 5, 541
What are the prime factors of 201884?
2, 41, 1231
List the prime factors of 23428431.
3, 13, 17, 11779
List the prime factors of 2743697.
11, 249427
List the prime factors of 6546614.
2, 3273307
List the prime factors of 560345.
5, 112069
List the prime factors of 4532091.
3, 29, 113, 461
List the prime factors of 196918.
2, 98459
List the prime factors of 1219654.
2, 229, 2663
List the prime factors of 620214.
2, 3, 7, 14767
List the prime factors of 97017.
3, 73, 443
List the prime factors of 71496.
2, 3, 331
List the prime factors of 5102336.
2, 19, 1049
List the prime factors of 5129319.
3, 13, 67, 151
List the prime factors of 67008.
2, 3, 349
What are the prime factors of 2908912?
2, 281, 647
What are the prime factors of 9221004?
2, 3, 13, 17, 19, 61
List the prime factors of 8678586.
2, 3, 7, 4217
List the prime factors of 13615594.
2, 53, 128449
List the prime factors of 9265.
5, 17, 109
List the prime factors of 31857.
3, 7, 37, 41
List the prime factors of 533044.
2, 133261
List the prime factors of 885061.
885061
What are the prime factors of 1016852?
2, 254213
What are the prime factors of 91554?
2, 3, 15259
List the prime factors of 464971.
13, 47, 761
What are the prime factors of 73933?
17, 4349
List the prime factors of 28028.
2, 7, 11, 13
What are the prime factors of 8744161?
19, 89, 5171
What are the prime factors of 10043408?
2, 163, 3851
List the prime factors of 234588.
2, 3, 113, 173
List the prime factors of 115941.
3, 7, 5521
What are the prime factors of 6396654?
2, 3, 11, 19, 5101
What are the prime factors of 14480765?
5, 13, 17137
What are the prim